ors of 1337084374?
2, 17, 31, 41, 30941
List the prime factors of 135596517.
3, 7, 6456977
What are the prime factors of 2185572324?
2, 3, 13, 113, 123983
List the prime factors of 1113034429.
13, 85618033
List the prime factors of 66035541.
3, 11, 13, 153929
What are the prime factors of 2058682450?
2, 5, 11, 29, 337, 383
What are the prime factors of 260832040?
2, 5, 7, 931543
What are the prime factors of 207036436?
2, 51759109
What are the prime factors of 85123507?
7, 101, 120401
What are the prime factors of 34238829?
3, 11412943
What are the prime factors of 235449602?
2, 47, 2504783
List the prime factors of 28055763.
3, 17, 233, 787
List the prime factors of 62563385.
5, 1039, 12043
List the prime factors of 140292937.
37, 3791701
List the prime factors of 170139638.
2, 17, 181, 27647
List the prime factors of 162375444.
2, 3, 7, 11, 19, 3083
What are the prime factors of 3401374?
2, 1700687
List the prime factors of 18273825.
3, 5, 241, 337
What are the prime factors of 13082710?
2, 5, 277, 4723
List the prime factors of 334994686.
2, 13, 12884411
What are the prime factors of 549124860?
2, 3, 5, 29, 315589
List the prime factors of 59481457.
7, 19, 71, 6299
What are the prime factors of 2223542909?
7, 317648987
List the prime factors of 238752734.
2, 11, 1093, 9929
What are the prime factors of 700400228?
2, 11, 29, 548903
What are the prime factors of 42554960?
2, 5, 7, 75991
List the prime factors of 34387784.
2, 163, 26371
List the prime factors of 55573185.
3, 5, 3704879
List the prime factors of 77724447.
3, 53, 488833
What are the prime factors of 790177026?
2, 3, 541, 243431
List the prime factors of 39249292.
2, 9812323
List the prime factors of 4073551265.
5, 7, 19, 29, 211229
What are the prime factors of 5146665?
3, 5, 17, 20183
What are the prime factors of 3089996763?
3, 7, 439, 571, 587
List the prime factors of 11152493.
11, 17, 23, 2593
List the prime factors of 348653644.
2, 3079, 28309
List the prime factors of 59837528.
2, 7479691
What are the prime factors of 72746542?
2, 11, 571, 5791
What are the prime factors of 83401347?
3, 27800449
What are the prime factors of 73122962?
2, 11, 43, 7027
What are the prime factors of 34232546?
2, 17116273
List the prime factors of 820155009.
3, 71, 1697, 2269
List the prime factors of 3293682458.
2, 11, 149712839
What are the prime factors of 48212437?
7, 13, 529807
List the prime factors of 1248108741.
3, 11, 12607159
What are the prime factors of 450265869?
3, 50029541
List the prime factors of 314479983.
3, 37, 1481, 1913
What are the prime factors of 4321114513?
9619, 449227
What are the prime factors of 514485403?
514485403
List the prime factors of 3658727897.
11, 83, 4007369
What are the prime factors of 1705315329?
3, 61, 151, 6857
List the prime factors of 50650515.
3, 5, 125063
What are the prime factors of 191191539?
3, 7, 11, 31, 26699
What are the prime factors of 291614269?
107, 2725367
What are the prime factors of 468755275?
5, 29, 359, 1801
List the prime factors of 105993516.
2, 3, 8832793
List the prime factors of 187167876.
2, 3, 7, 2228189
List the prime factors of 2157812.
2, 587, 919
What are the prime factors of 26396613?
3, 2932957
List the prime factors of 3706023724.
2, 13, 89, 800783
What are the prime factors of 902990755?
5, 43, 4199957
List the prime factors of 116201713.
1051, 110563
List the prime factors of 3758320831.
47, 73, 1095401
List the prime factors of 5954488161.
3, 3559, 557693
What are the prime factors of 1576141169?
3701, 425869
List the prime factors of 185671158.
2, 3, 2221, 13933
List the prime factors of 1760113372.
2, 440028343
What are the prime factors of 141956994?
2, 3, 23659499
What are the prime factors of 420002034?
2, 3, 17, 23, 179029
List the prime factors of 228343221.
3, 25371469
List the prime factors of 566039286.
2, 3, 457, 22937
List the prime factors of 4050334744.
2, 673, 752291
List the prime factors of 1916076307.
17, 47, 61, 39313
List the prime factors of 667615061.
29, 181, 127189
What are the prime factors of 728023709?
7, 104003387
List the prime factors of 1024381350.
2, 3, 5, 53, 103, 139
What are the prime factors of 35454130?
2, 5, 163, 21751
What are the prime factors of 2799941572?
2, 73, 113, 84857
List the prime factors of 318391220.
2, 5, 7, 324889
List the prime factors of 380695795.
5, 76139159
What are the prime factors of 2066575166?
2, 19, 54383557
What are the prime factors of 11251616?
2, 587, 599
What are the prime factors of 56363085?
3, 5, 61, 20533
List the prime factors of 86211119.
7349, 11731
List the prime factors of 1924451506.
2, 283, 3400091
What are the prime factors of 4229853461?
7027, 601943
List the prime factors of 358990728.
2, 3, 14957947
List the prime factors of 377440171.
17, 317, 70039
What are the prime factors of 978913326?
2, 3, 19, 8586959
List the prime factors of 2283657248.
2, 73, 977593
What are the prime factors of 371790174?
2, 3, 7, 8852147
What are the prime factors of 36103543?
7, 173, 4259
What are the prime factors of 66704196?
2, 3, 13, 427591
List the prime factors of 528182269.
528182269
List the prime factors of 112194855.
3, 5, 831073
What are the prime factors of 1172514258?
2, 3, 21713227
List the prime factors of 11253984.
2, 3, 7, 16747
What are the prime factors of 4422545466?
2, 3, 557, 1323323
List the prime factors of 299645941.
7, 19, 53, 42509
What are the prime factors of 6235871772?
2, 3, 13, 593, 67409
What are the prime factors of 2566868348?
2, 11, 193, 27479
What are the prime factors of 2736224252?
2, 73, 103, 90977
What are the prime factors of 69943758?
2, 3, 11657293
What are the prime factors of 336412707?
3, 727, 154247
What are the prime factors of 182226801?
3, 67, 906601
What are the prime factors of 242049799?
242049799
What are the prime factors of 131834815?
5, 7, 3766709
What are the prime factors of 2022732?
2, 3, 2081
List the prime factors of 1330834002.
2, 3, 221805667
List the prime factors of 3429080484.
2, 3, 443, 645049
List the prime factors of 1967316949.
13, 7907, 19139
List the prime factors of 51249235.
5, 29, 353443
List the prime factors of 283982509.
283982509
List the prime factors of 44471429.
41, 1084669
List the prime factors of 159689067.
3, 317, 167917
List the prime factors of 1543933573.
7, 13, 701, 24203
List the prime factors of 993842100.
2, 3, 5, 17, 3821
List the prime factors of 39012786.
2, 3, 722459
What are the prime factors of 111924494?
2, 11, 877, 5801
What are the prime factors of 36616597?
199, 184003
List the prime factors of 32000112.
2, 3, 61, 3643
List the prime factors of 133183997.
133183997
List the prime factors of 1435453957.
7, 389, 527159
What are the prime factors of 509436317?
13, 39187409
What are the prime factors of 326239710?
2, 3, 5, 43, 252899
List the prime factors of 659336709.
3, 227, 239, 4051
List the prime factors of 18169627.
7, 31, 37, 73
What are the prime factors of 548544720?
2, 3, 5, 601, 3803
What are the prime factors of 1755469046?
2, 11161, 78643
List the prime factors of 4037067960.
2, 3, 5, 29, 1160077
List the prime factors of 296698163.
10477, 28319
List the prime factors of 779946682.
2, 389973341
What are the prime factors of 44706419?
107, 151, 2767
List the prime factors of 75843660.
2, 3, 5, 1264061
List the prime factors of 4303112712.
2, 3, 9967, 17989
List the prime factors of 215513920.
2, 5, 127, 5303
List the prime factors of 259994068.
2, 4243, 15319
What are the prime factors of 617131733?
617131733
List the prime factors of 536567525.
5, 13, 37, 44621
List the prime factors of 47268431.
7, 211, 32003
What are the prime factors of 247384218?
2, 3, 19, 47, 46171
List the prime factors of 571371311.
7, 29, 402091
List the prime factors of 19531109.
13, 1171, 1283
List the prime factors of 661232682.
2, 3, 11, 1783, 1873
List the prime factors of 250841998.
2, 11, 11401909
List the prime factors of 3085885.
5, 11, 19, 2953
What are the prime factors of 969012121?
7, 11, 17, 569, 1301
What are the prime factors of 112758371?
11, 2609, 3929
List the prime factors of 48225992.
2, 1567, 3847
List the prime factors of 27748047.
3, 947, 9767
List the prime factors of 78956563.
7, 2887, 3907
What are the prime factors of 469666686